{"id":115,"date":"2022-03-05T00:30:53","date_gmt":"2022-03-05T00:30:53","guid":{"rendered":"https:\/\/equimportec.com\/?page_id=115"},"modified":"2022-03-05T01:04:30","modified_gmt":"2022-03-05T01:04:30","slug":"auxiliares","status":"publish","type":"page","link":"https:\/\/equimportec.com\/index.php\/auxiliares\/","title":{"rendered":"Auxiliares"},"content":{"rendered":"\n<div class=\"wp-block-columns is-layout-flex wp-container-core-columns-is-layout-9d6595d7 wp-block-columns-is-layout-flex\">\n<div class=\"wp-block-column is-layout-flow wp-block-column-is-layout-flow\">\n<figure class=\"wp-block-image size-full\"><img loading=\"lazy\" decoding=\"async\" width=\"604\" height=\"400\" src=\"https:\/\/equimportec.com\/wp-content\/uploads\/2022\/03\/centrifuga.jpg\" alt=\"\" class=\"wp-image-120\" srcset=\"https:\/\/equimportec.com\/wp-content\/uploads\/2022\/03\/centrifuga.jpg 604w, https:\/\/equimportec.com\/wp-content\/uploads\/2022\/03\/centrifuga-300x199.jpg 300w\" sizes=\"auto, (max-width: 604px) 100vw, 604px\" \/><\/figure>\n<\/div>\n\n\n\n<div class=\"wp-block-column is-layout-flow wp-block-column-is-layout-flow\">\n<p><\/p>\n\n\n\n<p><\/p>\n\n\n\n<p>Realizamos la construcci\u00f3n, adaptaci\u00f3n y acople de soportes para Filtros centr\u00edfugos en unidades de generaci\u00f3n.<\/p>\n\n\n\n<p>Pruebas, Comisionamiento y puesta en marcha de sistemas auxiliares.<\/p>\n\n\n\n<p>Limpieza de Tanques de combustible, aceite y agua.<\/p>\n<\/div>\n<\/div>\n","protected":false},"excerpt":{"rendered":"<p>Realizamos la construcci\u00f3n, adaptaci\u00f3n y acople de soportes para Filtros centr\u00edfugos en unidades de generaci\u00f3n. Pruebas, Comisionamiento y puesta en marcha de sistemas auxiliares. Limpieza de Tanques de combustible, aceite y agua.<\/p>\n","protected":false},"author":1,"featured_media":0,"parent":0,"menu_order":0,"comment_status":"closed","ping_status":"closed","template":"elementor_header_footer","meta":{"om_disable_all_campaigns":false,"_monsterinsights_skip_tracking":false,"_monsterinsights_sitenote_active":false,"_monsterinsights_sitenote_note":"","_monsterinsights_sitenote_category":0,"footnotes":""},"class_list":["post-115","page","type-page","status-publish","hentry","entry"],"_links":{"self":[{"href":"https:\/\/equimportec.com\/index.php\/wp-json\/wp\/v2\/pages\/115","targetHints":{"allow":["GET"]}}],"collection":[{"href":"https:\/\/equimportec.com\/index.php\/wp-json\/wp\/v2\/pages"}],"about":[{"href":"https:\/\/equimportec.com\/index.php\/wp-json\/wp\/v2\/types\/page"}],"author":[{"embeddable":true,"href":"https:\/\/equimportec.com\/index.php\/wp-json\/wp\/v2\/users\/1"}],"replies":[{"embeddable":true,"href":"https:\/\/equimportec.com\/index.php\/wp-json\/wp\/v2\/comments?post=115"}],"version-history":[{"count":4,"href":"https:\/\/equimportec.com\/index.php\/wp-json\/wp\/v2\/pages\/115\/revisions"}],"predecessor-version":[{"id":285,"href":"https:\/\/equimportec.com\/index.php\/wp-json\/wp\/v2\/pages\/115\/revisions\/285"}],"wp:attachment":[{"href":"https:\/\/equimportec.com\/index.php\/wp-json\/wp\/v2\/media?parent=115"}],"curies":[{"name":"wp","href":"https:\/\/api.w.org\/{rel}","templated":true}]}}